051 a multiple of 6?
False
Is 12 a factor of 265356?
True
Is 120 a factor of 382626?
False
Is 49 a factor of 786448?
False
Is 1895398 a multiple of 20?
False
Is 1254 a factor of 11999822?
False
Is 198 a factor of 255435?
False
Does 11 divide 539?
True
Is 272280 a multiple of 247?
False
Is 111 a factor of 7395153?
True
Is 34 a factor of 730082?
True
Is 9971190 a multiple of 32?
False
Is 393465 a multiple of 36?
False
Is 73 a factor of 80738?
True
Is 3373778 a multiple of 106?
False
Does 961 divide 44206?
True
Does 686 divide 2591996?
False
Does 30 divide 1854436?
False
Does 127 divide 111957?
False
Is 12 a factor of 17509488?
True
Is 7775991 a multiple of 213?
True
Is 268200 a multiple of 100?
True
Is 1026 a factor of 1764285?
False
Does 24 divide 2602431?
False
Is 42 a factor of 29285?
False
Is 258 a factor of 12567442?
False
Is 263108 a multiple of 22?
False
Is 76 a factor of 4812016?
True
Is 14246194 a multiple of 214?
True
Is 34 a factor of 13940?
True
Does 27 divide 2288146?
False
Is 6 a factor of 3288?
True
Does 27 divide 40392?
True
Does 99 divide 14058?
True
Is 12111 a multiple of 7?
False
Does 128 divide 226944?
True
Is 374 a factor of 1006984?
False
Is 144 a factor of 186912?
True
Is 2559229 a multiple of 419?
False
Is 68104 a multiple of 8?
True
Does 31 divide 23408?
False
Is 29 a factor of 25868?
True
Is 6576000 a multiple of 58?
False
Is 622 a factor of 4377636?
True
Is 631864 a multiple of 152?
True
Does 40 divide 3837773?
False
Does 6 divide 7414848?
True
Is 562 a factor of 4843857?
False
Is 132060 a multiple of 852?
True
Is 64 a factor of 4050176?
True
Is 13 a factor of 217938?
False
Does 253 divide 10034?
False
Does 231 divide 250866?
True
Is 13 a factor of 607594?
True
Does 2 divide 105715?
False
Is 262774 a multiple of 106?
True
Does 59 divide 1586884?
False
Is 535539 a multiple of 362?
False
Is 329208 a multiple of 24?
True
Is 295 a factor of 903585?
True
Is 17984 a multiple of 562?
True
Does 58 divide 9351108?
True
Is 11727828 a multiple of 324?
True
Is 5 a factor of 1394019?
False
Is 243785 a multiple of 22?
False
Is 4352838 a multiple of 58?
False
Is 23 a factor of 42669?
False
Is 4697319 a multiple of 11?
True
Is 4 a factor of 19617?
False
Is 615 a factor of 161847?
False
Is 6493828 a multiple of 11?
True
Does 91 divide 508144?
True
Does 11 divide 1517417?
True
Is 715 a factor of 6856135?
True
Is 678452 a multiple of 38?
True
Is 6854432 a multiple of 26?
True
Does 24 divide 26871384?
True
Is 15 a factor of 19755?
True
Is 58608 a multiple of 10?
False
Does 416 divide 105274?
False
Is 47913 a multiple of 833?
False
Is 3700840 a multiple of 143?
True
Does 179 divide 72884?
False
Is 14 a factor of 374605?
False
Does 30 divide 14585550?
True
Is 11279800 a multiple of 49?
True
Is 275 a factor of 851125?
True
Is 219 a factor of 90447?
True
Is 2361602 a multiple of 105?
False
Is 88 a factor of 618794?
False
Does 4 divide 9848?
True
Is 2399742 a multiple of 9?
True
Is 443545 a multiple of 106?
False
Does 7 divide 89740?
True
Does 341 divide 1757637?
False
Is 86 a factor of 332132?
True
Is 1364525 a multiple of 14?
False
Is 6 a factor of 27606?
True
Is 36 a factor of 288936?
True
Is 176 a factor of 1434478?
False
Is 43 a factor of 49794?
True
Is 51 a factor of 168273?
False
Is 798466 a multiple of 43?
False
Does 82 divide 48052?
True
Is 368290 a multiple of 10?
True
Does 21 divide 19089?
True
Is 107 a factor of 108284?
True
Is 4 a factor of 732108?
True
Is 101370 a multiple of 3?
True
Is 348075 a multiple of 117?
True
Does 12 divide 62064?
True
Is 8 a factor of 126136?
True
Is 27 a factor of 50490?
True
Is 5 a factor of 479852?
False
Does 586 divide 1323089?
False
Does 41 divide 943922?
False
Does 3 divide 158953?
False
Is 1636624 a multiple of 547?
True
Is 70 a factor of 227080?
True
Is 155 a factor of 4017761?
False
Is 28512433 a multiple of 11?
False
Is 30 a factor of 2139576?
False
Is 59 a factor of 20552707?
False
Does 21 divide 1003317?
True
Is 77 a factor of 42966?
True
Does 474 divide 2852897?
False
Is 1245 a factor of 2544780?
True
Is 552 a factor of 2735136?
False
Is 50 a factor of 530316?
False
Does 408 divide 2361073?
False
Does 46 divide 6744147?
False
Does 304 divide 59280?
True
Is 949734 a multiple of 7?
False
Does 997 divide 1299702?
False
Does 14 divide 4245874?
False
Does 10 divide 2224830?
True
Is 15 a factor of 42645?
True
Is 110 a factor of 5145543?
False
Does 6 divide 4329?
False
Is 3837694 a multiple of 70?
False
Is 881 a factor of 14785535?
False
Is 22 a factor of 5498755?
False
Is 521640 a multiple of 322?
True
Does 285 divide 38760?
True
Is 1141688 a multiple of 4?
True
Is 155980 a multiple of 10?
True
Is 5 a factor of 429030?
True
Is 19 a factor of 115292?
True
Does 15 divide 10123812?
False
Is 331580 a multiple of 59?
True
Is 12 a factor of 47940?
True
Does 1329 divide 49173?
True
Is 67914 a multiple of 98?
True
Does 114 divide 8029590?
True
Does 83 divide 2827644?
True
Does 39 divide 186689?
False
Does 41 divide 103689?
True
Does 104 divide 272901?
False
Does 165 divide 9629235?
True
Does 4 divide 414261?
False
Is 32835 even?
False
Is 3244172 a multiple of 29?
True
Is 8 a factor of 95782?
False
Does 46 divide 41550?
False
Is 9 a factor of 231078?
False
Is 8392599 a multiple of 837?
True
Is 430402 a multiple of 7?
True
Is 18 a factor of 9638622?
True
Does 19 divide 396083?
False
Is 2104398 a multiple of 18?
True
Does 396 divide 1030788?
True
Is 711016 a multiple of 488?
True
Is 49254 a multiple of 183?
False
Is 87 a factor of 6172389?
True
Is 61 a factor of 2490752?
True
Does 33 divide 6798?
True
Is 168304 a multiple of 16?
True
Is 51 a factor of 495915?
False
Is 178 a factor of 7353180?
True
Is 24 a factor of 303634?
False
Is 17 a factor of 3738028?
True
Does 151 divide 312144?
False
Is 62 a factor of 617689?
False
Is 33 a factor of 1549854?
False
Is 163 a factor of 3068716?
False
Is 35954160 a multiple of 22?
True
Is 286 a factor of 176613?
False
Is 279 a factor of 6243011?
False
Is 965664 a multiple of 8?
True
Does 31 divide 2188255?
False
Is 32144 a multiple of 26?
False
Is 31 a factor of 1292175?
False
Is 11 a factor of 119361?
True
Is 32176512 a multiple of 384?
True
Is 26 a factor of 814502?
True
Does 11 divide 303855?
False
Does 112 divide 633808?
True
Is 586375 a multiple of 125?
True
Is 503 a factor of 3021958?
False
Does 7 divide 168055?
False
Is 2800904 a multiple of 34?
False
Is 2845018 a multiple of 17?
True
Is 2265625 a multiple of 145?
True
Is 471492 a multiple of 3?
True
Is 13 a factor of 517920?
True
Is 6 a factor of 14235?
False
Does 32 divide 6025196?
False
Does 27 divide 38799?
True
Is 100115 a multiple of 4?
False
Is 17 a factor of 2970739?
False
Is 19 a factor of 107834?
False
Does 74 divide 1037554?
True
Is 964 a factor of 13350934?
False
Does 32 divide 518926?
False
Is 304141 a multiple of 296?
False
Does 74 divide 5837?
False
Does 16 divide 10576?
True
Is 41 a factor of 54051?
False
Is 19 a factor of 121791?
False
Is 6049040 a multiple of 1660?
True
Is 97510 a multiple of 109?
False
Does 34 divide 343651?
False
Does 40 divide 277240?
True
Is 421 a factor of 8045731?
True
Is 57 a factor of 1996807?
False
Is 15 a factor of 8237517?
False
Is 38 a factor of 116371?
False
Is 253 a factor of 584046?
False
Is 293088 a multiple of 16?
True
Is 25305 a multiple of 105?
True
Does 252 divide 180180?
True
Does 50 divide 1394362?
False
Is 9666 a multiple of 3?
True
Does 360 divide 1789920?
True
Is 175023 a multiple of 29?
False
Is 1156 a factor of 3258764?
True
Is 1667008 a multiple of 61?
True
Is 385009 a multiple of 45?
False
Is 15 a factor of 167250?
True
Is 7083970 a multiple of 46?
False
Is 151 a factor of 2007881?
False
Is 23168 a multiple of 8?
True
Does 40 divide 13938065?
False
Does 5 divide 136026?
False
Is 4 a factor of 533305?
False
Is 9 a factor of 470430?
True
Is 15 a factor of 706421?
False
Does 346 divide 669235?
False
Does 54 divide 182027?
False
Is 10239874 a multiple of 358?
True
Is 3 a factor of 554553?
True
Does 519 divide 873477?
True
Is 30 a factor of 37668?
False
Does 4 divide 954496?
True
Is 9 a factor of 630135?
True
Is 684 a factor of 676931?
False
Is 8 a factor of 20183100?
False
Is 102788 a multiple of 7?
True
Is 287 a factor of 146370?
True
Is 9 a factor of